ns digit of 39149?
4
What is the units digit of 1305?
5
What is the tens digit of 33582?
8
What is the hundreds digit of 8197?
1
What is the tens digit of 5078?
7
What is the ten thousands digit of 18018?
1
What is the units digit of 3123?
3
What is the tens digit of 5040?
4
What is the tens digit of 1112?
1
What is the hundreds digit of 487?
4
What is the units digit of 6624?
4
What is the tens digit of 43474?
7
What is the units digit of 2259?
9
What is the units digit of 43551?
1
What is the hundreds digit of 3483?
4
What is the units digit of 13721?
1
What is the hundreds digit of 1281?
2
What is the hundreds digit of 982?
9
What is the ten thousands digit of 25585?
2
What is the tens digit of 7302?
0
What is the tens digit of 16803?
0
What is the tens digit of 18943?
4
What is the tens digit of 932?
3
What is the hundreds digit of 4299?
2
What is the units digit of 3858?
8
What is the tens digit of 12313?
1
What is the ten thousands digit of 53714?
5
What is the units digit of 39498?
8
What is the tens digit of 6221?
2
What is the hundreds digit of 523?
5
What is the units digit of 54907?
7
What is the tens digit of 3795?
9
What is the thousands digit of 14443?
4
What is the thousands digit of 11018?
1
What is the units digit of 1062?
2
What is the tens digit of 1193?
9
What is the tens digit of 56421?
2
What is the hundreds digit of 1382?
3
What is the tens digit of 1809?
0
What is the tens digit of 2384?
8
What is the units digit of 355?
5
What is the hundreds digit of 2316?
3
What is the units digit of 952?
2
What is the units digit of 1076?
6
What is the hundreds digit of 50568?
5
What is the thousands digit of 3898?
3
What is the hundreds digit of 215?
2
What is the hundreds digit of 5900?
9
What is the hundreds digit of 735?
7
What is the hundreds digit of 377?
3
What is the thousands digit of 1236?
1
What is the tens digit of 1541?
4
What is the ten thousands digit of 12857?
1
What is the units digit of 1836?
6
What is the hundreds digit of 9691?
6
What is the tens digit of 453?
5
What is the ten thousands digit of 75136?
7
What is the units digit of 2720?
0
What is the hundreds digit of 557?
5
What is the tens digit of 37207?
0
What is the ten thousands digit of 187976?
8
What is the thousands digit of 16340?
6
What is the hundreds digit of 2011?
0
What is the hundreds digit of 10683?
6
What is the tens digit of 1476?
7
What is the units digit of 1721?
1
What is the tens digit of 98773?
7
What is the hundreds digit of 1455?
4
What is the ten thousands digit of 44359?
4
What is the tens digit of 3878?
7
What is the thousands digit of 1233?
1
What is the units digit of 35424?
4
What is the thousands digit of 1384?
1
What is the units digit of 6607?
7
What is the hundreds digit of 6428?
4
What is the tens digit of 608?
0
What is the thousands digit of 8085?
8
What is the thousands digit of 1266?
1
What is the hundreds digit of 11686?
6
What is the thousands digit of 1079?
1
What is the tens digit of 35407?
0
What is the hundreds digit of 1221?
2
What is the units digit of 36732?
2
What is the tens digit of 11729?
2
What is the units digit of 1444?
4
What is the tens digit of 33474?
7
What is the tens digit of 12006?
0
What is the units digit of 1938?
8
What is the tens digit of 859?
5
What is the tens digit of 1061?
6
What is the tens digit of 685?
8
What is the ten thousands digit of 50063?
5
What is the tens digit of 33909?
0
What is the tens digit of 773?
7
What is the hundreds digit of 17709?
7
What is the thousands digit of 3071?
3
What is the hundreds digit of 1652?
6
What is the hundreds digit of 1006?
0
What is the hundreds digit of 18744?
7
What is the tens digit of 2469?
6
What is the units digit of 753?
3
What is the thousands digit of 4552?
4
What is the units digit of 10001?
1
What is the units digit of 3522?
2
What is the units digit of 689?
9
What is the units digit of 2833?
3
What is the tens digit of 256?
5
What is the thousands digit of 99961?
9
What is the thousands digit of 3254?
3
What is the ten thousands digit of 96760?
9
What is the tens digit of 49265?
6
What is the units digit of 6737?
7
What is the ten thousands digit of 24441?
2
What is the units digit of 1200?
0
What is the units digit of 259?
9
What is the hundreds digit of 2642?
6
What is the hundreds digit of 63638?
6
What is the tens digit of 42694?
9
What is the hundreds digit of 1111?
1
What is the units digit of 5?
5
What is the hundreds digit of 8319?
3
What is the tens digit of 176651?
5
What is the thousands digit of 5733?
5
What is the thousands digit of 1193?
1
What is the units digit of 1238?
8
What is the units digit of 147?
7
What is the units digit of 155?
5
What is the tens digit of 554?
5
What is the hundreds digit of 74058?
0
What is the units digit of 50828?
8
What is the tens digit of 29146?
4
What is the tens digit of 20088?
8
What is the thousands digit of 127829?
7
What is the hundreds digit of 1950?
9
What is the tens digit of 8765?
6
What is the tens digit of 59597?
9
What is the tens digit of 1241?
4
What is the tens digit of 3292?
9
What is the tens digit of 77?
7
What is the thousands digit of 8478?
8
What is the ten thousands digit of 19212?
1
What is the hundreds digit of 5711?
7
What is the tens digit of 2477?
7
What is the thousands digit of 1149?
1
What is the tens digit of 23946?
4
What is the tens digit of 5570?
7
What is the units digit of 34750?
0
What is the tens digit of 43886?
8
What is the ten thousands digit of 13281?
1
What is the units digit of 240?
0
What is the thousands digit of 6847?
6
What is the hundreds digit of 4944?
9
What is the hundreds digit of 39623?
6
What is the tens digit of 1292?
9
What is the hundreds digit of 2152?
1
What is the hundreds digit of 13162?
1
What is the units digit of 84394?
4
What is the tens digit of 894?
9
What is the tens digit of 40017?
1
What is the units digit of 6655?
5
What is the thousands digit of 30242?
0
What is the ten thousands digit of 113131?
1
What is the units digit of 480?
0
What is the tens digit of 3496?
9
What is the units digit of 518?
8
What is the tens digit of 30665?
6
What is the units digit of 3559?
9
What is the units digit of 15622?
2
What is the ten thousands digit of 11429?
1
What is the thousands digit of 1043?
1
What is the hundreds digit of 105257?
2
What is the ten thousands digit of 45748?
4
What is the ten thousands digit of 63303?
6
What is the units digit of 345?
5
What is the thousands digit of 1116?
1
What is the tens digit of 4368?
6
What is the units digit of 708?
8
What is the thousands digit of 6561?
6
What is the hundreds digit of 678?
6
What is the units digit of 4169?
9
What is the thousands digit of 10818?
0
What is the hundreds digit of 1684?
6
What is the tens digit of 3095?
9
What is the units digit of 27193?
3
What is the thousands digit of 30164?
0
What is the hundreds digit of 9080?
0
What is the hundreds digit of 4910?
9
What is the hundreds digit of 2311?
3
What is the tens digit of 25936?
3
What is the hundreds digit of 23056?
0
What is the units digit of 58542?
2
What is the hundreds digit of 2487?
4
What is the thousands digit of 4242?
4
What is the thousands digit of 2722?
2
What is the units digit of 13541?
1
What is the units digit of 2389?
9
What is the ten thousands digit of 60537?
6
What is the thousands digit of 5500?
5
What is the thousands digit of 36786?
6
What is the thousands digit of 2184?
2
What is the thousands digit of 11846?
1
What is the units digit of 5354?
4
What is the tens digit of 6055?
5
What is the tens digit of 4472?
7
What is the ten thousands digit of 103794?
0
What is the hundreds digit of 844?
8
What is the hundreds digit of 227?
2
What is the hundreds digit of 1095?
0
What is the hundreds digit of 831?
8
What is the tens digit of 309?
0
What is the hundreds digit of 344?
3
What is the units digit of 19427?
7
What is the units digit of 8319?
9
What is the units digit of 8889?
9
What is the ten thousands digit of 14562?
1
What is the tens digit of 56926?
2
What is the tens digit of 7812?
1
What is the units digit of 5324?
4
What is the units digit of 4621?
1
What is the units digit of 222?
2
What is the tens digit of 12916?
1
What is the tens digit of 51117?
1
What is the tens digit o